3*v - 14. Let x(a) = 2*a - 15. Let h(y) = 3*f(y) - 4*x(y). What is the remainder when m is divided by h(-9)?
8
Let t(c) = -35*c - 46. What is the remainder when t(-3) is divided by 15?
14
Let y(u) = -152*u - 26. Calculate the remainder when y(-2) is divided by 8.
6
Let c be (-24)/14*42/(-4). Suppose -4*i = -2*i - c. What is the remainder when i + 1 + (-3 - -4) is divided by 7?
4
Suppose l = 2*q - 3*l - 14, l = 5*q - 26. Let k = -46 + 61. What is the remainder when k is divided by q?
0
Let w be -3 + (-1 - 1 - -57 - 1). Let i = w + -40. What is the remainder when 18 is divided by i?
7
Suppose 0*t - 19 = -t. Let l be 2 + (53 - 0) - -4. Suppose v = -5*q + l, v + q - 78 + 7 = 0. What is the remainder when v is divided by t?
17
Suppose -i - 156 = 4*q + 2*i, 164 = -5*q + 4*i. Calculate the remainder when 81 is divided by (42/9)/(-1*4/q).
39
Let n(a) = a**3 + 6*a**2 - a. Let h be n(-6). What is the remainder when ((-142)/(-7))/(18/63) is divided by 2*((-111)/h)/(-1)?
34
Suppose -5*l = -2*l - 21. Let u = -2 - -2. Suppose -2*i + i + 19 = u. What is the remainder when i is divided by l?
5
Let a(x) = -12*x - 11. Suppose -1 = h - 0*w - 2*w, 5*w - 20 = 5*h. What is the remainder when a(h) is divided by 19?
16
Let y(k) = 86*k**3 + k + 1. Calculate the remainder when y(1) is divided by (2 + -4)/((-4)/26).
10
Suppose -c + 0*c = -23. Let a(b) = -108*b**2 + 4*b + 1. Let h be a(-1). Let l = h - -154. Calculate the remainder when l is divided by c.
20
Let r(o) = o**2 - 7*o + 3. Let d be r(6). Let w = d - -10. What is the remainder when (-42)/(-3) - (-4 - -6) is divided by w?
5
Let q = -67 + 73. Suppose 4*p + j - 4*j = 16, -q = 2*p + 2*j. Calculate the remainder when 7 is divided by p.
0
Suppose 3*p - 26*q - 28 = -22*q, 4*q + 44 = 5*p. What is the remainder when 487 is divided by p?
7
Suppose 4*h - 417 + 25 = 0. Let v be (-1)/(((-8)/h)/4). Suppose -5*n + 6 = -v. Calculate the remainder when n is divided by 4.
3
Suppose 4*r + j = -0*r + 14, -2*r = 3*j - 2. Suppose -4*w + 10 = -2. Calculate the remainder when r is divided by w.
1
Let c(p) = -p**3 + 7*p**2 + 8*p + 12. Calculate the remainder when c(6) is divided by 25.
21
Let y = -242 - -283. What is the remainder when y is divided by 14?
13
Let i = 1287 + -1261. Calculate the remainder when 49 is divided by i.
23
Let s(n) = -n**2 - 21*n + 124. Calculate the remainder when s(-24) is divided by 16.
4
Let f(y) = -y**3 + 42*y**2 - 184*y - 34. What is the remainder when 8 is divided by f(37)?
2
Suppose -90*m - 208 = -98*m. Calculate the remainder when 50 is divided by m.
24
Let t(u) = u**2 - 3*u - 20. What is the remainder when t(10) is divided by 31?
19
Suppose 2*o - d - 17 = 0, -5*d = 5*o - 15 - 20. Calculate the remainder when 38 is divided by o.
6
What is the remainder when 325/(-5)*6/(-5) is divided by 20?
18
Let o = -1363 + 1734. What is the remainder when o is divided by 29?
23
Let u(b) = 2*b**2 - 61*b + 101. Calculate the remainder when 147 is divided by u(29).
7
Let c = 49 - 44. Let r(m) = 2*m**3 - 5*m**2 - 13*m + 4. What is the remainder when r(c) is divided by 17?
13
Let z(h) = h + 1. Let a(l) = l**2 + 12*l + 14. Let u be a(-11). Let g be z(u). Suppose 71 = g*f - 41. What is the remainder when 54 is divided by f?
26
Suppose -323 = -3*f + 163. Suppose 4*j - f = j. Calculate the remainder when j is divided by 29.
25
Let w be (12/(-15))/(8/(-20)). Suppose 5*m = 5, -w*i + 15 = 5*m - 26. Calculate the remainder when 71 is divided by i.
17
Suppose -135 - 1410 = -5*l. What is the remainder when l is divided by 63?
57
Let t = 79 - 119. Let m = t + 116. What is the remainder when m is divided by 39?
37
Suppose 10*y = 861 - 201. Calculate the remainder when y is divided by 18.
12
Let s(y) = 13*y**2 + 1. Suppose z = 2*k - 4*z + 9, -4*z = k - 28. What is the remainder when s(1) is divided by k?
6
Let u(f) = 2*f - 6. Let v be u(3). Suppose -5*s + 0*s + 40 = v. Calculate the remainder when 10 - s - (-1 - 49) is divided by 27.
25
Let c be (-4)/(-18) + (-170)/(-45) + 0. Suppose 0 = -3*w - 6, c*z - 5*w + 6*w - 154 = 0. Calculate the remainder when z is divided by 7.
4
Calculate the remainder when 53 is divided by (-4)/(((-2)/6)/(40/60)).
5
Let w = 1218 + -731. Calculate the remainder when w is divided by 61.
60
Calculate the remainder when 128 is divided by ((16/40)/(-1))/((-2)/70).
2
Suppose 4*j - 5*j - 3*b = -23, -2*j + 5*b + 13 = 0. What is the remainder when 32 is divided by j?
4
Suppose 3*t = 23 + 10. Suppose -2*p + 77 + 37 = 0. Suppose 0 = -5*l + 2*l + p. Calculate the remainder when l is divided by t.
8
Suppose 74*w = 65*w + 10368. Calculate the remainder when w is divided by 33.
30
Let b(n) = -n**2 - 17*n + 83. Let m be b(-21). Let i = m - -44. Calculate the remainder when i is divided by 8.
3
Suppose -3*c = 4*t - 458, 2*t + t + 2*c = 343. What is the remainder when t is divided by 37?
2
Suppose -2*y + 6*o + 84 = o, -4*y - 5*o + 108 = 0. Let k = -13 + y. Let p = k + -10. What is the remainder when 16 is divided by p?
7
Suppose 0 = -0*v - 2*v + 22. Suppose 2*m = -3*m - 150. Let u = m + 50. What is the remainder when u is divided by v?
9
Suppose 0 = 2*o - 11*o + 351. Let v = -7 + 10. Suppose v*y - 50 = -2*y. Calculate the remainder when o is divided by y.
9
Suppose 3*r + 3*n = 3, -n = -r - 3*n + 3. What is the remainder when (-14)/r*(-14)/(-4) is divided by 19?
11
Let p be 3/(-9) - 22/6. Let r = p + 9. Calculate the remainder when ((-54)/(-729))/((-2)/3) + (-326)/(-18) is divided by r.
3
Let j(n) = 2*n + 30. Let q be j(-11). Suppose 0*b - q*b = -40. Calculate the remainder when 19 is divided by b.
4
Suppose 0 = -5*j - 188 + 553. Suppose -5*m + 3*h + 563 = 0, 5*h = -5*m + j + 522. What is the remainder when m is divided by 29?
28
Let v(s) = -s**3 - 7*s**2 - 20*s - 87. Suppose -u - c = -30, -5*c = -u + 4*u - 94. What is the remainder when v(-7) is divided by u?
25
Suppose 26*y - 182 = 21*y - 4*d, 56 = 2*y - 4*d. Calculate the remainder when 186 is divided by y.
16
Suppose 6*p = -13 + 157. Calculate the remainder when 117 is divided by p.
21
Suppose 5*x - 147 = -17. Let j = -41 - -142. What is the remainder when j is divided by x?
23
Suppose -2*f + 30 = 2*x + x, 0 = 3*f - 3*x - 15. Let z(k) = 17*k**3 - 3*k**2 + k + 1. Suppose 5 = n + 4*n. Calculate the remainder when z(n) is divided by f.
7
Let b(m) = -3*m + m**3 - 268 - m + 263 - 5*m**2. What is the remainder when b(7) is divided by 11?
10
Let r(z) = -43*z + 43. What is the remainder when r(-1) is divided by 9?
5
Suppose -3*i + 4*r + 59 = 2, 0 = i + 5*r. Let v(y) = y**2 + 71*y + 159. Calculate the remainder when v(-70) is divided by i.
14
Let n(f) = -17*f - 380. What is the remainder when 159/(-2)*4/(-6) is divided by n(-24)?
25
Let u = 73 + 23. Suppose 56 = 4*j - 48. What is the remainder when u is divided by j?
18
Suppose -203 = 9*q - 338. Calculate the remainder when 34 is divided by q.
4
Suppose -2*n = 3*c + 5, 2*c + c - 4*n + 17 = 0. Let f = 1 + 5. What is the remainder when f is divided by 1 + (-3 - 0)/c?
0
Let r(i) = i**2 + 10*i - 129. Suppose 7*a + 5*q = 2*a + 1255, 3*q = 0. Calculate the remainder when a is divided by r(9).
41
Let o(d) = -d**2 + 3*d + 3. Let z be o(3). Suppose 20 = 5*q - 85. What is the remainder when q is divided by (33/(-12))/(z/(-12))?
10
Let g = 34 - 28. Suppose 7*c - 25 = 2*c + d, 0 = 4*c - 5*d - 20. Suppose -c*y + 43 = -2. What is the remainder when y is divided by g?
3
Calculate the remainder when 38 is divided by (-20 + 43)/(5 - 4).
15
Suppose -25 = -5*w - 2*b, 0*w + 3*b = 2*w - 29. Suppose -3*g - 18 = -0*g. Let j = 10 + g. Calculate the remainder when w is divided by j.
3
Let p be 9/(9/2) - -56. Let b = p - 53. What is the remainder when 17 is divided by b?
2
Suppose -o - 3*o + 2*c + 56 = 0, -3*c = -2*o + 32. Calculate the remainder when o is divided by 11.
2
Suppose 28*l - 1183 + 7 = 0. Let o = -6 - -21. Calculate the remainder when l is divided by o.
12
Let g be (-4)/1 - (-78 - 7). Suppose 8*f - 209 + g = 0. What is the remainder when 47 is divided by f?
15
Suppose 0 = -2*a + 6 + 2. Let w(x) = x**3 - 50*x**2 - 52*x + 58. Calculate the remainder when w(51) is divided by (-3)/(-1*3) + a.
2
Suppose 86*f = 76*f + 320. Suppose 4*i + 3*x = 25, -2*i + 13 = -0*i + x. Calculate the remainder when f is divided by i.
4
What is the remainder wh